?
61
Evaluate (-20 - (25 - 22)) + 7 - -54.
38
Evaluate 17 - (-54 - -53 - -47).
-29
119 + (-20 - (72 + -82 + (1 - 2) + 1))
109
Calculate 52 - ((-2 - 2) + (2 + -29 - (138 + -161))).
60
(-7 - -94) + -7 + 86 + -85 + (2 - 8)
75
What is (2 - (7 + 5)) + (6 + -3 + -11 - -35)?
17
What is the value of -97 - (-228 - -1) - 48?
82
Evaluate -45 + 17 - -13 - -16 - -51 - (-1 - 0).
53
What is the value of -14 + (9 - -11) - 116 - -41?
-69
Evaluate 21 - 32 - -20 - (17 - 0).
-8
Calculate (169 - 155) + 114 - 188.
-60
Evaluate (1198 - 1195) + (1 + -1 - 43).
-40
Evaluate -10 + -32 + 4 - (473 + -524).
13
149 - (15 - (-88 + 46))
92
Evaluate 36 + (3 - 35 - (18 - -10 - 38)).
14
Evaluate (12 - (-28 + -27)) + -48.
19
What is the value of (-1 - (-1 + 57)) + 231 + -200 + -4 + -34?
-64
What is -2 + 1 + (24 - 32) + (284 - 274)?
1
Calculate 6498 + -6270 - (-2 - -137).
93
-1106 + 1167 - (-21 + (4 - (2 + -2)))
78
Calculate -7 + -21 + (-22 - -18) + 11.
-21
Calculate (-5 + 9 - -9) + -12 + 5 + (-11 - -14).
9
Evaluate 2 - (1 + 20 + -452 + 472).
-39
What is -245 + 246 + 39 - (27 + 0)?
13
-6 + (-5 - 1) + 0 + 3 + 1000 + -1013
-22
14 + ((9 - 14) + -13 - -28)
24
Calculate (-32 - 3) + -729 + 746 + 27.
9
60 + -13 + (-24 + -23 + 36 - -4)
40
What is the value of (100 - 158) + 83 + (3 + -4 - 2) + -1?
21
1 + -62 + (18 + (-2 - 0) - (30 - 9))
-66
What is (-4 + 32 - 27) + (36 + -1 - 4 - 3)?
29
What is -7 - (-31 + (8 - 15) + 12 + (-5 - 1))?
25
What is the value of -12 + (28 - -9 - (-3 - 1 - -23))?
6
What is (-10 + 28 - 30 - 4) + 60?
44
What is 41 + -177 + 37 - -58?
-41
What is 2 + (-1 - 8) - (-266 - -249) - -38?
48
Evaluate (21 - (18 - 5) - -6) + -2 + 2 + -5.
9
What is the value of 222 + -232 + (3 + -4 - -6) + 5?
0
Evaluate -442 - -396 - (-2 + -114).
70
What is 74 - (111 + -54 + -11)?
28
(27 - (-123 - -7)) + -11 - 35
97
What is the value of 19 - (-18 + 68) - 21?
-52
Calculate -111 - -22 - (-54 + -18).
-17
What is the value of 89 - (-40 - (66 - 120))?
75
Evaluate -140 + -9 + -1010 + 1027.
-132
Calculate 2 + -8 + 33 - (41 - (37 - -1)).
24
5 - (4 + -3 + 68 - (20 + -41 + 10))
-75
What is the value of (-8 - -10) + (-5 - -3) + -25 + 19 - -66?
60
Calculate (2 - (20 - 8)) + (17 - (32 + 61)).
-86
What is -84 + -81 + 176 - (-3 + -71) - -20?
105
(4 - 9) + -95 - (484 + -468)
-116
What is (-21 + (-10 - (-7 + -12)) - -51) + -2 + 1?
38
What is the value of -20 + (-2 + -1 - -27) - ((2 - 1) + 39)?
-36
(29 - 45) + (43 - (22 - 10))
15
Evaluate 13 - (-3 - (4 + 12)) - (0 - (-4 - -10)).
38
Calculate 7 + -8 - (9 - ((-6 - -8) + -7)).
-15
-52 + 8 + (1 - 1) + (8 - -2)
-34
10 - 2 - 5 - (7 - (-7 + -2 + -3))
-16
Evaluate -147 + 60 + 65 - 19.
-41
What is 13 - (-12 + (0 - (9 + -5)) + 2)?
27
(9 - -2) + (35 - 69) + 10 - 5
-18
What is 112 - 23 - (194 - -11)?
-116
Evaluate 6 + -12 + 3 + 1 + 3 + (-13 - -1).
-11
Calculate 38 + (0 + 12 - 204) - -10.
-144
Evaluate 45 - (78 - 70 - 14).
51
What is -48 + -1 + -26 + (108 - 58)?
-25
Calculate -23 + (21 - 5) + 66 - (0 - -16).
43
Calculate 2 + -11 + (-224 - (-180 - -66)).
-119
Evaluate (-133 - 15) + (-23 - (13 + -52)) + -1.
-133
Evaluate -58 - ((15 - (36 + -8)) + (-2 - -9)).
-52
Evaluate -22 + -13 + 28 + -12 + 9 + -7.
-17
Calculate 23 - 79 - (102 + -55 - 28).
-75
Calculate -80 - (-29 + (-20 - -92) + -35).
-88
What is -2702 + 2694 - (1 + -5 + -27)?
23
What is the value of 7 + 1 - (464 - 525)?
69
-11 + (-77 - -57) + (7 - -4)
-20
Evaluate 10 + (-39 - (59 - 142)) + (-4 + -7 - 4).
39
Calculate -55 - -31 - (-18 - -33).
-39
What is 22 - 37 - 12 - (0 + -5 + 1 + 3)?
-26
What is (0 - -48) + 1 + (-23 - (-116 - -106))?
36
What is -16 + -41 + 219 - 32?
130
-10 - (119 + -84 + (26 - 1))
-70
-27 + (-3 - (36 + -20) - -4)
-42
Evaluate (31 - 76 - -35) + (-1 + 6 - 0) + 8.
3
What is (33 - (18 + (-15 - -4))) + -5 + (-10 - -9)?
20
What is 7 + -8 + 2 + (-6 - -2) + -8?
-11
What is the value of (10 - ((-1 - 6) + 7)) + 37 + -1 + 11?
57
Calculate (737 - 765) + -2 + 25 + (-1 - 0 - 1).
-7
What is the value of -5 - (-11 + (17 - -2) - -7) - (-7 - 0)?
-13
Evaluate 4 - 5 - (-74 + 0) - (-36 - -45).
64
Evaluate 2 - -1 - (-58 + -43 + 137).
-33
Calculate -60 - (-18 + 6 - 39).
-9
What is 19 + (-24 - (-13 + 11 + -13)) + 1?
11
What is (-23 - -9) + (-1 - (4 - 2)) + 13 - -56?
52
What is 25 + 44 + -8 + -13 + -1 + -2?
45
What is the value of -79 + (999 - 959) + (6 - 0)?
-33
Calculate (-2 - 6) + (31 + 9 - -45).
77
(7 - (4 - 3 - 0)) + (1050 - 976) + 8
88
What is 115 + -33 + (7 - 65) + 6?
30
What is -2 + 21 + 495 + -398 + -40?
76
Calculate (-16 - 6) + -18 + 4 - -21.
-15
Calculate 7 + (-2 - (15 + -14 + 0)) + -2 + -15.
-13
What is the value of 2 + 7 + (3 + -4 - 15 - 30 - 11)?
-48
What is the value of 139 + -27 + -74 + 31?
69
Calculate -134 + 10 + -188 + 329.
17
(197 - 233) + (2 - -44)
10
What is (581 - 591) + (5 - (4 - 41))?
32
Evaluate (2190 - 2209) + (-2 - -35).
14
32 - ((20 - 15 - (22 - 10)) + 4)
35
Calculate (12 - 9) + -8 - (-9 - (2 + 0 + -80)).
-74
What is the value of -22 - (-70 + 6) - -19?
61
What is 29 + 84 + -105 - (2 + 9)?
-3
Evaluate (-6 - (1 - 4)) + (20 - 21).
-4
What is (-2 - 22) + 157 + -77 + -48?
8
-3 - -21 - (34 - (26 + -4))
6
Calculate -13 + 7 + -45 + -12 + 23 + -12.
-52
What is the value of 17 - (-14 + 12 + -25 - -116)?
-72
Evaluate 7 + (-283 + 289 - (20 - -1)).
-8
What is -70 + 75 + 2 - (115 + -4)?
-104
Evaluate (14 - 1) + (59 - (22 + -38 + 65)).
23
What is the value of -7 - (6 - -9 - 6) - (-14 + (-2 - -6))?
-6
Calculate 69 - (650 + -634 - (-27 - 3)).
23
(-98 - -102) + -3 - (1 - (-1 + -69)) - -9
-61
Evaluate 166 + 33 + -118 - (-1 + 27).
55
What is the value of (-24 - -29) + 2 + 22 + (-10 - -7)?
26
What is 4 + 0 + (-2 + -4 - (-1 + 0)) + -26?
-27
What is 62 + 66 + -110 - 81?
-63
(91 - 129) + -5 + -56
-99
Evaluate -75 + 61 - (-4 + 4 + -9).
-5
Evaluate -25 - (17 - (-2 + 21 - 13) - 9).
-27
-18 + (0 - -17) + -14 - -1
-14
6 + -26 + -78 + -71 + 156
-13
Evaluate (4 - (7 + -4 + 3)) + (-93 - (-34 + -2)).
-59
Calculate (14 + -25 - -22 - -5) + 3.
19
What is 0 - 143 - (-2186 + 2090)?
-47
What is the value of (3 - (-170 + 173 + 9 + -3 + 2)) + -10?
-18
Calculate -49 - (-92 + (146 - 75)).
-28
Evaluate (1 - 27 - (-325 - -319)) + 13 + -2.
-9
Evaluate -119 - (-67 - (265 + -136)).
77
Calculate -3 + 16 + -8 + (-55 - 32) + 21.
-61
-107 + 113 - (-1 - (-14 - 26))
-33
Calculate (-10 - (-42 + 3)) + -42.
-13
What is 80 + (-74 - -79 - 78)?
7
What is the value of (-179 - -167) + 13 + 3?
4
(-56 - -42) + (6 - (-8 + 4))
-4
What is the value of 3 - (-72 - (41 - 81))?
35
-45 + 88 + -6 + -41 + 12 + 1
9
Evaluate -8308 + 8308 - ((3 - -2 - (-1 - 0)) + -3).
-3
(21 - 15 - 14) + -12 + -49
-69
4 - 51 - 4 - ((12 - 21) + 22)
-64
What is 86 + (-72 + -18 - -85)?
81
13 - (-29 + 1 - -7 - -12 - -14)
8
What is -10 + -19 + (22 - -2) + 11?
6
86 + -104 + 11 + 105
98
Evaluate 16 + (7 - 21) - 8 - 20.
-26
Evaluate -46 + -25 + (83 - 50).
-38
What is the value of -12 + 0 - ((-22 - -70) + -49)?
-11
What is 26 - (-29 - (-54 + -54))?
-53
Calculate 26 - (0 + 113) - (-4 - 3).
-80
Calculate 59 - ((23 + 4 - 50) + 49).
33
Calculate (14 - 2) + -181 + 147 + 8 + -9.
-23
-36 - -4 - (4 + -27 + 9)
-18
Evaluate (2 - -13) + -9 + -31 - -14.
-11
Calculate -39 + (122 - 26) + -46.
11
What is the value of -45 + 30 + (-8 - (-27 + 42))?
-38
-18 - (-3 + -8 + 10 - 43)
26
Calculate -22 + 39 + -25 - ((10 - 5) + -30).
17
Calculate 3 + 47 + -8 + -29.
13
-59 - (-18 + -5 + (-1 + 7 - -14))
-56
Calculate (1 + 54 + -47 - (14 + 0)) + 13.
7
Evaluate (-2 + 0 - 30) + 782 + -797.
-47
What is 64 - (49 - 9) - 39?
-15
What is (16 - 2) + -33 + (4 - (37 + -23))?
-29
8 - (-23 + 33 + 3 - (1 + -19))
-23
What is the value of -48 + 20 + -7 - (33 + 10)?
-78
(-3 - 18) + 24 + -2 + 7 + (-9 - 48)
-49
What is -5 + (-26 + 89 - 107)?
-49
What is the value of -54 + 73 + -84 + -37?
-102
(4795 - 4874) + (1 - 2) + -21
-101
Calculate (-447 - -286) + 63 - (0 + 46).
-144
What is the value of 18 - (-54 - (55 + -147))?
-20
What is the value of -11 - (-6 + -2 + (271 - 352) - (4 + -14))?
68
What is (-11 + (-3 - -1) - -3) + (-54 - -61)?
-3
Evaluate -61 - 1 - (-16 - (14 - 33) - (-16 - -17)).
-64
What is -6 - (-11 + 19) - (-2 + 10 + 8)?
-30
What is 137 + -130 - (-4 + -5 + -4 - (-1 - -4))?
23
(46 - (6 - -20)) + 57
77
What is the value of -38 + 98 + 24 - 53?
31
What is the value of 3 - (7 + -42 + 56)?
-18
What is 1 - (-11 + (-24 - -8 - (8 + 3)))?
